of -1*(-3 + 4)*j?
1
Let z = 8425 - 8423. Let u = 309 + -147. Suppose -b - 324 = -z*j, -j - 2*b + u = -4*b. What is the units digit of j?
2
Suppose 2653050 = -0*l + 44*l + 31*l. What is the thousands digit of l?
5
Suppose 18*b - 34*b = 1696. Let s = b - -692. What is the units digit of s?
6
Suppose 0 = -2*u + 2*c + 5 - 77, c - 141 = 4*u. What is the units digit of 3/(-15) + (-31647)/u?
4
Suppose w - 25415 = -o, w = -625*o + 629*o - 101640. What is the hundreds digit of o?
4
Let z be 5 - (8 - 4)/(-20)*0. Suppose -4*u + 1367 = 3*q - 1290, 2*q - 1769 = -z*u. What is the tens digit of q?
8
Let m = 150 - 145. Suppose -4767 = -3*f + 3*q, 2*f + m*q - 4751 = -f. What is the units digit of f?
7
Let x be (1 - (-33)/12)*(-4)/(-3). Suppose 0 = -4*d - x*f + 1885, 3*f + 269 = 4*d - 1576. What is the hundreds digit of d?
4
Suppose 168*d = 160*d - 24. What is the units digit of (3/18*d)/(1/(-238))?
9
Let p(c) = 6*c - 25. Suppose 3*d - j - 5 = 9, 5*j = d. Let v be p(d). Suppose 3*h - v*h = -154. What is the units digit of h?
7
What is the units digit of -1 + (-18)/(-1 - -7) + 9835?
1
Suppose 13*c + 2 = 106. Let z(b) = 106*b - 129. What is the tens digit of z(c)?
1
Let q be -1*5/5 - -1. Suppose q = -6*t - 5*t + 1529. Suppose -4*a + t = 4*d - 5*d, 0 = -d + 5. What is the units digit of a?
6
Suppose -53*t + 773428 + 20544 = 44446. What is the ten thousands digit of t?
1
Let q = -6022 + 17072. What is the tens digit of q?
5
Let u(v) = -21*v**3 + v**2 - 5*v - 5. Let p be 52/(-8) - -4 - (-1)/(-2). What is the units digit of u(p)?
6
Suppose 80*h - 7*h - 140160 = 0. What is the hundreds digit of h?
9
Let q(f) = 104*f**2 + f + 9. Let l be q(3). Suppose -5*x + l = -2*x. What is the units digit of x?
6
Suppose 23*h + 148812 = 1800736 + 348662. What is the units digit of h?
2
Suppose -11*w - 106674 = -57*w. What is the hundreds digit of w?
3
Suppose 0 = 3*n - 1 - 5. Let h(m) = m**2 - 10*m + 18. Let t be h(8). Suppose -55 = -p + t*v + 3*v, 0 = -n*v + 2. What is the tens digit of p?
6
Suppose -71 = 7*q - 43. What is the tens digit of (7 - 1254/18)/(q/54)?
4
Let j be 3 - ((-8)/64 - (-7)/(-8)). Let l(u) = 39*u**2 - 4*u. Let i be l(j). Let c = -360 + i. What is the tens digit of c?
4
Let c be (2/7)/(38/665). What is the units digit of ((9568/c)/13)/(4/10)?
8
Let l(r) = -3*r - 19. Let g be l(-6). What is the units digit of (g - 9)*1215/(-54)?
5
Let v be (-6 - -2)/((-10)/(-145)). What is the hundreds digit of (-26270)/v - 8/(-116)?
4
Let u = 94 + -82. What is the tens digit of (-3)/u - 2804/(-16)?
7
Let b(n) = 49*n - 137. What is the thousands digit of b(24)?
1
What is the thousands digit of (-1)/(18/303921)*(-1 - 1) + -4?
3
Suppose 2*r - 3053 - 14843 = 0. Suppose -5*g - 6*y + 4*y = -r, -2*g = 2*y - 3584. What is the hundreds digit of g?
7
Suppose 32*q + 13*q = -315. Let h(o) = -7*o + 15 - 6 + 8. What is the tens digit of h(q)?
6
Let x = 42411 + -19244. What is the ten thousands digit of x?
2
Let t(p) = 2*p - 26. Let k be t(7). What is the tens digit of (2 - 5247/k) + (-4)/16?
3
Let y be (-1)/(-5) + 0 + (-650)/125. What is the hundreds digit of (324 - -2) + y + 1?
3
Suppose -5 + 13 = 8*k. Let x be 30/45*k/((-2)/(-12)). Suppose -34 = -x*a + y + 607, 3*y + 323 = 2*a. What is the tens digit of a?
6
Suppose 33*n - 19864 = 41186. Suppose -2*d = -4*l - n, -2*d + 2*l = -l - 1849. What is the hundreds digit of d?
9
Suppose -4*j + 4*i + 29945 = -28731, 0 = -2*i + 2. What is the thousands digit of j?
4
Let n = -123 - -128. Suppose n*q = 5*r - 1914 - 3826, -4577 = 4*q - r. What is the tens digit of q/6*(-12)/9?
5
Let c be (-8)/3*4050/(-12). Suppose 58*o = z + 63*o - c, 0 = o - 5. What is the hundreds digit of z?
8
Let s = -57 - -62. Let j(l) = -19*l**2 - s*l**2 - 11 + 5 + 4*l + l**3. What is the units digit of j(24)?
0
Suppose 73*b - 124252 + 10956 = 0. What is the hundreds digit of b?
5
Let z(c) = 3*c**3 - 12*c**2 - 16*c + 12. Let n(w) = w**2 - 8*w + 24. Let g be n(4). What is the tens digit of z(g)?
5
What is the tens digit of ((-1128)/(-846))/((-2)/(-58122))?
4
Let v(g) be the third derivative of g**5/60 - 3*g**4/4 - 49*g**3/6 + g**2. Let h be v(21). Suppose 226 + h = 3*d. What is the units digit of d?
0
Suppose -13 = -4*p - m, 5 = -p - 4*p + 3*m. Suppose p*a + 30 = 7*a. Suppose -2*g + 67 = -n, -7*n + a*n + 125 = 4*g. What is the units digit of g?
2
Let q = 9 + 5. Suppose -q*n = -19*n - 1005. Let a = -111 - n. What is the units digit of a?
0
Let i be 3/2*198/27. Suppose i = 4*p - f - 7, 0 = 3*p - 3*f - 18. Suppose -4*v + 0*v - 2*g = -142, 3*v + p*g - 99 = 0. What is the units digit of v?
7
Let s(m) = 7*m**2 - 21*m - 16. Let b be s(8). Suppose 24*q - b = 7104. What is the tens digit of q?
0
Suppose 3*u - 2*z - 42 = 0, -25 = u - 3*z - 39. What is the tens digit of 3336/u - (-9)/((-189)/6)?
3
Let w = -771 - -1650. Suppose 0 = -4*b - 4*q + 1788, 0*b - 2*b + q = -w. What is the hundreds digit of b?
4
Let c(m) = 174*m - 4587. What is the tens digit of c(79)?
5
Suppose m + 1296 = 2*f - 813, 0 = -3*f - m + 3166. Let h = f + -481. What is the units digit of h?
4
Let g be (315/42)/(6/(-16)). What is the hundreds digit of 5255/(-50)*-6 - 8/g?
6
What is the hundreds digit of (-14)/2 - (-914 + 3 + -6)?
9
Let z be (-2 - 1 - -4)/(1/3). Suppose -5*q - 3*g = -1683, g = -z*q + 3*g + 1006. What is the hundreds digit of q?
3
Suppose -2*t - 875 = 4*q + 3*t, 3*t = -9. Let c = q - -360. What is the tens digit of c?
4
Let s(x) = x**2 + 45 - 3 - 78*x + 23*x + 43*x. What is the tens digit of s(24)?
3
Let j = 13070 - 5203. What is the hundreds digit of j?
8
Suppose 8*r + 104*p - 218008 = 99*p, 2*r - 54502 = 5*p. What is the ten thousands digit of r?
2
Suppose 3*s = 5*j - 10*j - 34, 22 = -4*s + 5*j. Let u(q) = -q**3 - 6*q**2 + 2*q - 12. Let t be u(s). Let o = t + -70. What is the units digit of o?
0
Suppose -9667 = 294*y - 301*y. Let i = -986 + y. What is the units digit of i?
5
Suppose -2 = -0*h + 5*h - 2*g, 3*h + 5*g = -26. Let j be h + (1 - 1) + -8. What is the units digit of j*(-5)/30*3?
5
Let m(z) = -10*z**2 + 4*z. Let q be m(-3). Suppose 0 = 3*o + 9 - 12. What is the hundreds digit of ((-4 - -4) + o)*(0 - q)?
1
Suppose 3*c + 22 = -2*z, -86*z = -3*c - 81*z + 13. What is the tens digit of (14/8)/(6*c/(-22176))?
1
Let p(w) = -376*w + 5. Let u be p(1). Let a = -312 - u. What is the tens digit of a?
5
Let q(i) be the first derivative of -i**4/4 + 7*i**3/3 - i**2/2 + 6*i - 18. Let v be q(7). What is the tens digit of 46*-1*v/(2/1)?
2
Suppose -1 = 3*k - 13. Suppose 2*y + 2*x = k*y - 14, 4*y - 2*x = 22. Suppose 3*f - 65 = -2*l, y*f + 24 = 5*l + 126. What is the units digit of f?
3
Let o(p) = -p**2 - 515*p + 698. What is the thousands digit of o(-92)?
9
Let o = -123 - -336. Suppose -4*i + 0*i + o = -3*f, -2*i + 106 = -2*f. Suppose -x + i + 55 = 0. What is the hundreds digit of x?
1
Let g = -63 - -61. Let t be g - ((-17)/4 - (-18)/(-24)). What is the units digit of 2/(-9)*t*45/(-6)?
5
Let v be 3 - -1 - (-10)/5. Let c(o) = 4 + v + 0*o + 6*o + 8*o. What is the tens digit of c(12)?
7
Let j = 6590 + -3360. What is the tens digit of j?
3
Suppose 3*m + 135708 = 3*v + 379566, 4*v + 406432 = 5*m. What is the ten thousands digit of m?
8
Suppose 5*h - 15*i + 11*i - 68568 = 0, 2*i = h - 13722. What is the ten thousands digit of h?
1
Let j(k) = -18*k**3 - 5*k**2 - 9*k - 16. Let d be j(-5). Suppose -4*g + d = -402. What is the tens digit of g?
3
Let x(y) = -y**3 + 34*y**2 + 82*y + 89. Let t be 2/(-6) + (-2)/((-30)/545). What is the tens digit of x(t)?
4
Let z = 347 - 342. Suppose 3*j - 3*h - 846 = 0, 0 = z*j + h - 726 - 684. What is the units digit of j?
2
Let l be -1 + (140 + 0 - -1). Let j be 5/25 - ((-306)/45 - -7). Suppose 6*a - 10*a + l = j. What is the units digit of a?
5
Let z(i) = 8*i**2 + 1135*i - 228. What is the hundreds digit of z(-182)?
1
Suppose -u + 20 = -2*c, 3*u = 2*u - 2*c. Suppose -18 - 22 = -u*q. Suppose 429 = q*b - k, k = b - 3*k - 111. What is the hundreds digit of b?
1
Let n(i) = -94*i + 144. Let b be n(-17). Suppose -3*f + 5*u = 211 - b, 1539 = 3*f + 3*u. What is the tens digit of f?
1
Suppose 148*j + 26*j = 2280618. What is the tens digit of j?
0
What is the tens digit of (-42)/8*(1 + (-728)/24)?
5
Let m(p) be the second derivative of p**4/12 - 7*p**3/6 - 11*p**2 + 5*p. Let d be m(-9). Let h = d + -69.